
11
Calculate the greatest common divisor of 1162290 and 60.
30
Calculate the greatest common factor of 11642 and 650.
2
Calculate the highest common factor of 16167 and 204.
51
Calculate the highest common factor of 1260 and 175.
35
What is the greatest common divisor of 270294 and 19?
19
What is the highest common factor of 37278 and 180?
18
Calculate the greatest common factor of 64 and 157584.
16
Calculate the highest common factor of 358 and 52.
2
What is the highest common divisor of 731 and 3664503?
731
Calculate the highest common factor of 185 and 34040.
185
Calculate the highest common factor of 200 and 11675.
25
What is the greatest common factor of 99069 and 3?
3
Calculate the greatest common divisor of 4777 and 153988.
281
Calculate the greatest common factor of 1325844 and 936.
468
Calculate the greatest common factor of 14479218 and 387.
387
What is the highest common divisor of 1952 and 6161?
61
Calculate the greatest common factor of 162720 and 3840.
480
Calculate the greatest common divisor of 72 and 1191348.
36
Calculate the greatest common factor of 384397 and 13.
13
What is the greatest common divisor of 65 and 530595?
65
Calculate the greatest common factor of 216884 and 649.
59
What is the greatest common divisor of 1248 and 256672?
416
Calculate the highest common factor of 5588841 and 447.
447
What is the highest common factor of 114 and 225777?
57
What is the greatest common factor of 2956 and 10693330?
1478
What is the greatest common divisor of 22568634 and 198?
198
Calculate the greatest common factor of 1899 and 216.
9
Calculate the highest common divisor of 32 and 7533328.
16
Calculate the greatest common divisor of 6494080 and 4380.
1460
What is the greatest common factor of 2480 and 2160?
80
Calculate the greatest common divisor of 786 and 868137.
393
What is the greatest common divisor of 1356606 and 36?
18
Calculate the greatest common divisor of 17 and 48569.
17
What is the highest common factor of 1812 and 175462?
302
What is the highest common divisor of 642 and 269426?
214
Calculate the highest common factor of 3098292 and 12.
12
What is the highest common factor of 362634 and 76?
38
Calculate the highest common factor of 2700 and 37500.
300
Calculate the highest common factor of 153 and 62577.
153
What is the greatest common divisor of 40338 and 4374?
486
What is the highest common divisor of 357948 and 652?
652
What is the greatest common divisor of 119673 and 9?
9
Calculate the highest common divisor of 11245 and 104.
13
What is the highest common factor of 235 and 201395?
235
Calculate the greatest common factor of 124 and 697252.
124
What is the greatest common factor of 28676 and 2144?
268
Calculate the greatest common factor of 104 and 1289613.
13
Calculate the highest common factor of 11426 and 9686.
58
What is the greatest common factor of 46732 and 28?
28
What is the highest common factor of 5630 and 15?
5
What is the greatest common factor of 50 and 2025?
25
What is the greatest common divisor of 4365 and 275965?
485
Calculate the greatest common divisor of 242 and 400.
2
Calculate the highest common divisor of 39 and 502333.
13
Calculate the highest common factor of 306590 and 190.
10
Calculate the highest common divisor of 43833 and 1995.
57
Calculate the greatest common factor of 13554 and 131273.
251
What is the greatest common divisor of 1320 and 8536?
88
Calculate the greatest common divisor of 155295 and 60.
15
Calculate the greatest common factor of 11900 and 36400.
700
What is the greatest common divisor of 47646 and 36?
18
Calculate the greatest common factor of 107365 and 109.
109
Calculate the greatest common factor of 520612 and 628.
628
What is the greatest common factor of 3458358 and 2748?
1374
What is the greatest common factor of 7007360 and 640?
640
What is the highest common factor of 47142 and 3880?
194
Calculate the greatest common divisor of 4123 and 323.
19
What is the highest common factor of 336 and 14728?
56
What is the greatest common divisor of 110349 and 1464?
183
Calculate the highest common divisor of 112 and 23156.
28
What is the highest common divisor of 1784880 and 180?
180
Calculate the greatest common factor of 2444 and 32383.
611
What is the highest common factor of 452893 and 1334?
667
What is the greatest common divisor of 2064 and 852?
12
Calculate the greatest common factor of 4470 and 459069.
447
What is the greatest common divisor of 129 and 499703?
43
What is the highest common divisor of 20 and 114720?
20
What is the highest common divisor of 71 and 229827?
71
What is the highest common factor of 22121 and 5258?
11
Calculate the highest common factor of 5236 and 70924.
476
Calculate the greatest common factor of 1012 and 34661.
253
What is the highest common factor of 15624 and 567?
63
What is the greatest common divisor of 175365 and 465?
15
Calculate the greatest common factor of 17082 and 37887.
219
Calculate the highest common factor of 17200 and 75.
25
What is the greatest common divisor of 34 and 94430?
2
Calculate the greatest common factor of 3562 and 598.
26
Calculate the greatest common divisor of 702 and 178146.
54
What is the greatest common factor of 6 and 11166?
6
What is the highest common factor of 34026 and 123702?
318
What is the highest common divisor of 312566 and 1310?
262
Calculate the highest common divisor of 231 and 363.
33
What is the highest common factor of 210 and 4346370?
210
Calculate the greatest common factor of 41544 and 108.
36
Calculate the highest common factor of 1793 and 161533.
163
Calculate the greatest common divisor of 920 and 4435.
5
Calculate the highest common factor of 71585 and 15.
5
What is the greatest common factor of 5338 and 1462?
34
Calculate the highest common divisor of 13325296 and 1669.
1669
Calculate the highest common divisor of 18926 and 8.
2
What is the greatest common factor of 4660 and 3436?
4
Calculate the highest common divisor of 247672 and 664.
664
Calculate the highest common divisor of 1283828 and 728.
364
What is the highest common divisor of 23 and 177629?
23
Calculate the highest common divisor of 2475228 and 237.
237
Calculate the highest common divisor of 226 and 5058897.
113
Calculate the highest common divisor of 6 and 111411.
3
Calculate the greatest common factor of 162905 and 5425.
155
What is the highest common factor of 268 and 8100702?
134
What is the greatest common factor of 342 and 1791377?
19
Calculate the highest common factor of 1033120 and 352.
352
Calculate the highest common factor of 6634 and 2542.
62
What is the greatest common divisor of 106 and 58671?
53
What is the highest common divisor of 3152 and 2608?
16
What is the highest common factor of 76 and 293987?
19
Calculate the greatest common divisor of 2581670 and 13.
13
Calculate the highest common factor of 854 and 46.
2
Calculate the highest common factor of 126746 and 38354.
254
Calculate the highest common factor of 1119 and 59680.
373
Calculate the greatest common factor of 57684 and 47564.
1012
What is the greatest common divisor of 396 and 43692?
132
What is the greatest common divisor of 252 and 255654?
126
Calculate the greatest common divisor of 696 and 91524.
348
Calculate the greatest common divisor of 72 and 51208.
8
What is the highest common factor of 12922 and 104?
26
What is the highest common factor of 234 and 6948?
18
What is the highest common factor of 328457 and 695?
139
Calculate the highest common factor of 214422 and 429.
39
What is the highest common factor of 106608 and 240?
48
Calculate the greatest common divisor of 234 and 23742.
18
Calculate the greatest common factor of 368 and 33442.
46
What is the highest common divisor of 128996 and 5236?
476
Calculate the greatest common divisor of 12 and 153366.
6
What is the greatest common divisor of 1564 and 1096364?
1564
Calculate the highest common factor of 13588 and 27492.
316
What is the greatest common divisor of 228 and 2324802?
114
Calculate the greatest common divisor of 15606 and 432.
54
Calculate the highest common factor of 93 and 624.
3
Calculate the highest common factor of 27 and 7002.
9
What is the highest common factor of 48963 and 114?
57
What is the highest common factor of 248 and 214024?
248
What is the h